 - c**4/4 - c**3/3 - c**2. Let d be 8/(-1)*(-3)/4. Does 18 divide q(d)?
False
Suppose 304 = a + 8*c - 6*c, -a + c = -316. Does 39 divide a?
True
Suppose -6*i - 3339 = -13*i. Let g = i - 227. Is 25 a factor of g?
True
Suppose 1690 = 14*d - d. Is 26 a factor of d?
True
Let j(y) = 3*y**2 + 5*y - 12. Let t(a) = 4*a**2 + 4*a - 13. Let u(k) = 3*j(k) - 2*t(k). Is u(6) a multiple of 9?
False
Let r = 20 + 22. Is 42 a factor of r?
True
Let m(o) = -o**3 + 5*o**2 + 8*o + 6. Let r be m(9). Let p be r/(-9) - (-6)/9. Let b = 48 - p. Is 7 a factor of b?
False
Let b(j) = j**3 + 6*j**2 + 6*j + 4. Let i be b(-4). Let k be 258/i*(1 + 1). Suppose 0 = -4*p + 29 + k. Does 9 divide p?
True
Let b(r) = r + 1. Let l be ((-3)/2)/(3/(-8)). Let t be b(l). Suppose -f = -43 - t. Does 24 divide f?
True
Let a(g) = 26*g - 22. Is a(2) a multiple of 10?
True
Let i = 0 - -4. Suppose m + 9*y - i*y - 58 = 0, -107 = -2*m - y. Does 12 divide m?
False
Suppose -16*s = 1000 - 7752. Is s a multiple of 28?
False
Let j(n) = 13*n**2 + n + 7. Let p(m) = 12*m**2 + 6. Let r(h) = -2*j(h) + 3*p(h). Is 9 a factor of r(2)?
False
Let z = 200 + 163. Is z even?
False
Let s = -286 + 200. Let o = s + 91. Is 5 a factor of o?
True
Let h be ((-3)/(-21))/((-1)/(-7)). Let m be (0 + h)/((-2)/(-4)). Suppose -5*c = -5*l + 75, -l = m*l - 2*c - 41. Does 11 divide l?
True
Does 3 divide ((960/50)/(-8))/(2/(-5))?
True
Let p = 137 + -111. Suppose p = 5*i - 3*i. Is 2 a factor of i?
False
Let b(i) = -i**3 + 47*i**2 + 5*i + 117. Is b(47) a multiple of 8?
True
Suppose -b = 4*l - 335, l - b - 79 = -6*b. Let d = -231 + 400. Let u = d - l. Is 22 a factor of u?
False
Let r be 6*(-2)/(-4) - 6. Let n be r + (-15 + 3)/(-4). Suppose -2*q + 10 = n, -3*k + 0*k - 4*q + 35 = 0. Does 5 divide k?
True
Suppose 2*h + 4*n = 28, 4*h + 4*n - 44 = h. Suppose 4*z + h = 36. Suppose z*c + c = 216. Is c a multiple of 12?
True
Suppose -2*j = -13 + 21, -4*j = 4*y - 14744. Is 123 a factor of y?
True
Let q be 21/(-12) - (-2)/(-8). Let x(o) be the first derivative of -o**3/3 - 2*o**2 + o + 27. Is x(q) a multiple of 4?
False
Let a(r) = 22 + 8*r + 0*r - 7*r. Is 4 a factor of a(-7)?
False
Is 34 a factor of (1826/249)/(2/666)?
False
Does 90 divide 24308/18 + 260/(-585)?
True
Does 7 divide ((-78390)/40)/(-9) + (-6)/8?
True
Let s be (-1100)/(-30) - 2/3. Suppose 0*x + x - s = 0. Does 36 divide x?
True
Suppose -3*f - 2*s + 58 = 0, -3*s + 2*s = 2*f - 38. Let u = f - 9. Is 8 a factor of u?
False
Let j(a) = 11*a - 11. Let z be j(5). Suppose 0 = -2*f + 5*c + 59, -4*c + z = 5*f - 54. Suppose -142 = -5*n - f. Is 24 a factor of n?
True
Suppose -5*w - 2*t = 32, 4*w = 3*t + t - 48. Let j = w - 81. Let d = -55 - j. Does 7 divide d?
False
Let r(k) = k**3 + k**2 + 4*k - 63. Let s be r(0). Let u = 129 + s. Is u a multiple of 14?
False
Let z(g) = -g + 14. Let c be (-4 + 19 - 3) + 2. Let u = 24 - c. Is z(u) even?
True
Let u(s) = s + 6. Let x be u(-4). Suppose 4*h + 26 = 3*t + 2*t, x*t = -h. Is 17 a factor of (h/(-3))/((-6)/(-153))?
True
Suppose 3*i = 6, -4*c + 18*i + 428 = 16*i. Is 6 a factor of c?
True
Let p be -1*(-2)/(-4)*-644. Suppose -5*z + w = -41 - p, 9 = -3*w. Does 12 divide z?
True
Let h(b) = b - 9. Let n be h(9). Let i be (2*82 - 3) + 1. Suppose n = -3*w - 0*w + i. Does 18 divide w?
True
Suppose 2*s - 54 = -5*a + 14, -5*s + 2*a = -228. Does 5 divide s?
False
Let n(t) = -t**3 + t**2 + 5*t + 2. Let v be n(5). Let r = v - -15. Let d = r + 81. Is 18 a factor of d?
False
Suppose 3*y = -5*f + 38, -9 = -3*f - 2*y + 14. Let s(j) = 12*j - 2 + 1 - j**2 - 4*j**2 + 4*j**2. Does 15 divide s(f)?
False
Suppose -4*f + 14 = -2*j, 0*f + 2*f + 3 = 3*j. Let i be (-2 - (-12)/(-1)) + -1. Is 13 a factor of 728/20 + f/i?
False
Suppose -r = -5*x + 1077, x - 237 + 15 = -2*r. Suppose -2*t + 4*t + x = 0. Does 18 divide (t/(-10))/(6/20)?
True
Let r(x) be the third derivative of x**4/24 + 55*x**3/3 + 9*x**2. Does 22 divide r(0)?
True
Let y = -22 - -27. Let p = 1 + y. Suppose w - p*w = -125. Is 5 a factor of w?
True
Is 52 a factor of (6 - 120/18)*-1482?
True
Suppose b + 7006 = 3*x - 0*b, 4*x - 2*b - 9338 = 0. Is 32 a factor of x?
False
Let y(m) = 16*m**2 + 3*m + 4. Let h be y(-2). Let f = -16 + h. Is f a multiple of 23?
True
Let t = 66 + -4. Let d = -10 + t. Let w = -18 + d. Is w a multiple of 12?
False
Suppose 3*c + 949 = -2*d + d, -5*c + 5*d = 1555. Let t = -181 - c. Suppose 2*w - t = -f + 4*f, f + 69 = w. Is w a multiple of 25?
False
Is 39 a factor of 998028/810 + -3*4/90?
False
Suppose -5*o - 71 = r, -r = -2*o + o - 19. Let f be (4/3)/(2/27). Let i = f + o. Is i a multiple of 3?
True
Let v(z) = -4*z - 5. Let a(t) = -t**3 - 6*t**2 - 4*t + 4. Let b be a(-5). Let d be (-1)/(b/(-7) - 0). Does 8 divide v(d)?
False
Let u(f) be the second derivative of 0*f**2 + 16/5*f**5 + 0*f**4 - 1/6*f**3 + 2*f + 0. Does 21 divide u(1)?
True
Let c(h) = 3*h + 3. Let g be c(0). Suppose -8*f - g*a = -6*f - 51, a + 3 = 0. Is f a multiple of 5?
True
Let f = -305 - -518. Is f a multiple of 8?
False
Let l(z) = -z**3 - 2*z**2 + 2*z + 4. Let j(k) = -k**2 - 12*k - 5. Let f be j(-10). Suppose 5*b + f = -0*b - 2*q, -b - 3*q - 3 = 0. Does 5 divide l(b)?
False
Suppose 4*p + 58 = -d, 2*p + 5*d + 80 = -3*p. Let f = p - -82. Is f a multiple of 23?
False
Let n = 2563 - 1286. Does 18 divide n?
False
Let j(t) = t + 14. Let i(q) = -q**2 + 3*q - 1. Let s be i(5). Let r be j(s). Is 13 a factor of (-316)/(-12) - 1/r?
True
Suppose 0 = 62*i - 57*i - 575. Is 23 a factor of i?
True
Let v be (3 - 12572/(-36)) + (-4)/18. Is (-27)/6*v/(-12) a multiple of 26?
False
Does 54 divide (849/6)/((-48)/(-672))?
False
Let h(u) = -u**3 - 9*u**2 + 14*u + 26. Suppose 5*k + 4*p = 2*k - 53, 4*k + 5*p + 69 = 0. Does 19 divide h(k)?
True
Let v = 85 + -83. Let r be 1 + 1 - (3 + -2). Suppose o = -5, 0*o = -u - v*o - r. Does 3 divide u?
True
Suppose -17517 = 21*w - 55275. Does 11 divide w?
False
Suppose 0 = -10*p + 12958 - 1358. Does 58 divide p?
True
Let i = 158 + -112. Suppose 0 = 3*r - 80 - i. Does 14 divide r?
True
Suppose -4*g + 0*g + 276 = -2*l, 3*l = 12. Is g a multiple of 12?
False
Let a = -6 - -16. Suppose -58 = 4*i - a. Let o = i - -39. Is 9 a factor of o?
True
Suppose z = -3*y + 759, -y + z + 195 + 62 = 0. Is y a multiple of 14?
False
Let s = 1174 - 921. Is s a multiple of 6?
False
Let k = 562 + -82. Is (7 - k/18)/((-2)/6) a multiple of 4?
False
Let v = 40 - 29. Suppose -7*u + v + 3 = 0. Is 2 a factor of u?
True
Let l(w) = 2*w + 60. Is 5 a factor of l(11)?
False
Suppose 12 = 10*o - 6*o. Suppose 115 = -o*t + 475. Does 19 divide t?
False
Suppose 5*q = -2*w + 34, 3*w + 7*q - 42 = 4*q. Let b be (-163)/11 + w/(-66). Does 9 divide (b/(-30))/((-2)/(-36))?
True
Let n be 1 - 2*-1 - 0. Suppose -53*d + 242 = -341. Suppose 106 = n*g - d. Is 8 a factor of g?
False
Let f = -11 + 19. Suppose -3*d - f + 20 = 0. Is 20 + 8/d + -3 a multiple of 15?
False
Is (-6)/(-11) - (-265440)/1232 a multiple of 6?
True
Suppose -2*w = 3*w - 25. Suppose 192 = w*m - 208. Is m a multiple of 40?
True
Suppose -3*q - 12 = 0, n = 2*n - 3*q - 14. Suppose -n*z + 0*z = -72. Is z a multiple of 12?
True
Let n be 6/(-2 - (3 - 7)). Let t(k) = -k + 7. Let r be t(4). Does 18 divide n*(r + 5 + -2)?
True
Suppose 56 = -y + 5*g, 2*g - 3 = 5*g. Let c = 91 + y. Does 5 divide c?
True
Let c be (-2 - 0) + (-28)/(-1). Let m = 29 - c. Suppose 2*s = -m*w + 115, 5*s - 364 + 66 = 3*w. Is s a multiple of 9?
False
Let k = -57 + 63. Suppose -1840 = -4*z - k*z. Is 23 a factor of z?
True
Let j = 515 - 291. Is j a multiple of 56?
True
Is 3 a factor of ((-9)/(-15))/(81/675)?
False
Let m(r) = -r**3 - r**2 - 10. Let n be m(0). Let h = -5 - n. Suppose -3*k - 2*d = -150, 3*k - 4*d = -h*d + 153. Is k a multiple of 21?
False
Suppose -33*o = -65*o + 3744. Does 13 divide o?
True
Suppose 3*f - 228 = -2*b + 1211, -3*f - 4*b + 1441 = 0. Suppose -8*d + f = -241. Is 32 a factor of d?
False
Let i(b) = -2*b**3 - 4*b**2 - 6*b - 5. Let n be i(-2). Suppose 408 = 13*g - n*g. Is 19 a factor of g?
False
Is 193*(-6)/(-8)*120/90 a multiple of 40?
False
Let p be (-2)/8 + (-50)/(-8). Let q = 114 + -108. Let l = p + q. Is l a multiple of 4?
True
Suppose 503 + 797 = 5*b. Let p be b/28 - 2/7. Does 15 divide (-680)/(-15) - 3/p?
True
Let j be 3/(27/2) + 4/(-18). Suppose -2*f + 244 - 58 = j. Does 31 divide f?
True
Let x be (-2)/9 - 19684/(-126